e remainder when g is divided by s(-12).
54
Let n(m) = -34*m + 412. Calculate the remainder when n(0) is divided by 78.
22
Let p(w) = 7*w**2 - 4*w - 3. Let l be -6 - 1 - (15 - 18). Calculate the remainder when p(l) is divided by 175/(-280) - (-261)/8.
29
Let s(b) = b**2 + 10*b + 27. Suppose -3*y = 3*g - 120, 7*y - 5*y + 96 = 2*g. Calculate the remainder when s(11) is divided by g.
38
Suppose 0 = -5*w + 5*r + 2238 + 562, 5*r = 3*w - 1682. What is the remainder when w is divided by 6/(-5)*4240/(-72) + 60/(-90)?
69
Suppose 276 - 92 = -4*s. Let k = 27 - s. Suppose 0 = -7*l + 179 + k. Calculate the remainder when l is divided by 13.
10
Suppose -2*c = 6, -18*r - 2*c + 34 = -16*r. Suppose 5*k + r = 0, -5*h + 339 = -4*k - 32. What is the remainder when h is divided by 44?
27
Let u(z) = -z**3 + 6*z**2 + 3*z - 11. Suppose j - 29 = 5*k + 132, -4*j + 2*k + 572 = 0. What is the remainder when j is divided by u(5)?
25
Suppose g = b + 211, 198*g - b + 419 = 200*g. Calculate the remainder when 1262 is divided by g.
2
Let o(r) = -2*r - 6. Let u(z) = z**2 - 3*z - 5. Let t(i) = -5*o(i) + 4*u(i). Let p be t(3). Let q = 89 - p. What is the remainder when q is divided by 10?
9
Suppose -2*k + 5*x = -82, -x - 3075 = -2*k - 2993. What is the remainder when 973 is divided by k?
30
Suppose 13 = -2*s + 17. Suppose 2*p + s*y - 118 = 0, -4*y + 300 = 5*p - 0*y. What is the remainder when p is divided by 17?
13
Suppose 622*z = 625*z - 159. What is the remainder when z is divided by 1?
0
Let n = -6521 + 6860. Calculate the remainder when n is divided by 41.
11
Calculate the remainder when 5/(-8 + 1284/160) + (-12)/2 is divided by 57.
23
Suppose 5*k + 284 = 2099. What is the remainder when k is divided by 11/693*14 - (0 + (-696)/27)?
25
Calculate the remainder when ((-1017)/678)/(2/(-456)) is divided by 138.
66
Let z = 464 - 457. Suppose z*o - 7 = 287. Calculate the remainder when 502 is divided by o.
40
Let n be (0 - 3)/(-1) - 6. Calculate the remainder when 7/3*(-18 - (6 - 33)) is divided by ((-8)/(-6))/(n/(-27)).
9
Suppose 2*t - 8 = 5*k - 2*k, 12 = -3*k. What is the remainder when ((-39)/(-13) - (t - 169))*1 is divided by 22?
20
Let x = 2 - 3. Let a be 258 - (-8 + 4/4). What is the remainder when x/((-5)/a) - -4 is divided by 12?
9
Suppose 4*u = 0, 0 = -5*s + u + 12 + 23. Let x(o) = 2*o**2 - 12*o + 35. Calculate the remainder when x(s) is divided by 31.
18
Let g = -397 - -401. Suppose g*r + 32 - 152 = 0. What is the remainder when r is divided by 26?
4
Suppose 0 = 2*i + 14, -209*b = -211*b - 4*i + 712. Suppose -s + 2*w + 75 = -16, 0 = s - 4*w - 89. Calculate the remainder when b is divided by s.
91
Suppose -7*l = -4*l - 0*l. Suppose l*j = 7*j - 126. Calculate the remainder when 43 is divided by j.
7
Let n be (-1 + (-2)/2)/(76/(-114)). Suppose -3*c - n*b = -69, 0 = 5*c - 10*c - 2*b + 115. What is the remainder when 44 is divided by c?
21
Suppose -23*k + 186 = -1217. Calculate the remainder when 1826 is divided by k.
57
Suppose 84*u = 25*u + 38232. Calculate the remainder when u is divided by 92.
4
What is the remainder when (189/5)/((-240)/(-1200)) is divided by 70?
49
Let q = -91 + 121. Let j = q - 26. Suppose 12 = -4*c + j, 2*a = c + 18. Calculate the remainder when 37 is divided by a.
5
Suppose -23*d = 20*d - 473. Calculate the remainder when d is divided by 4*1 - (4 + -3).
2
Suppose r + 3*m = 73, -r - 93*m + 96*m + 49 = 0. Calculate the remainder when 536 is divided by r.
48
What is the remainder when 872 is divided by 158/4 - (1 - 3/(-6))?
36
Let h(f) = 29*f**2 - 73*f + 72. Calculate the remainder when 30 is divided by h(1).
2
Let c(g) = 5*g**2 + 13*g - 83. Let a be c(5). Let w = 157 - a. Calculate the remainder when 143 is divided by w.
43
Let k = 395 - 303. Suppose 2*f + 5*w - k = -21, 2*f = -4*w + 66. What is the remainder when 43 is divided by f?
20
Let a be ((-7)/(-5))/1 + (-12)/(-20). Let k = a - -5. What is the remainder when 159 is divided by k + -5 - (-84)/4?
21
Suppose -2*o - 19 = -3*s, 2*s - 4*o = -3*o + 13. Let n(a) = a**3 - 5*a**2 - 16*a + 20. Calculate the remainder when 27 is divided by n(s).
3
Suppose 5*n = -p + 33, 73 = 5*p - 44*n + 46*n. What is the remainder when 17339 is divided by p?
10
Suppose -5*a = 10, -d + 15 = 4*a + 26. Let z(o) be the second derivative of o**4/4 - o**3 - 5*o**2/2 - o. Calculate the remainder when z(d) is divided by 7.
5
Let w = -50 + 140. Suppose -5*j + 194 = -4*y, 3*y + w = 2*j + 18. Calculate the remainder when 80 is divided by j.
38
Let f = 202 - 176. Let g(u) = 12*u - 1. Let x be g(2). Suppose -r = -x - 28. Calculate the remainder when r is divided by f.
25
Let q(i) = 17*i + 7. Let m be q(2). Suppose 3*u = -2*c + 2*u + 133, u + 322 = 5*c. Suppose c + m = 2*d. Calculate the remainder when d is divided by 9.
8
Let l(t) = -t**3 + 7*t**2 + 7*t. Let r be l(8). Let y = r + 24. Let u = -194 - -201. Calculate the remainder when y is divided by u.
2
Suppose 5*r - 4733 = -2*h, 4*h = 9*r - 10*r + 961. Calculate the remainder when r is divided by 11.
10
Let j(s) = -267*s - 1267. What is the remainder when j(-8) is divided by 13?
11
Let z(y) = 10*y**2 + 2*y - 1. Let h(l) = -l**3 + 2*l + 10. Let q be (6 - 0)/(2 + -1 - 3). Calculate the remainder when h(q) is divided by z(1).
9
Let x(o) = -3*o + 30. Let h(c) = -33*c - 24*c + 61*c - 30. Let w(u) = 4*h(u) + 3*x(u). What is the remainder when w(16) is divided by 42?
40
Let f = -1547 + 1919. Calculate the remainder when f is divided by 75.
72
Calculate the remainder when 358 is divided by (-5)/(-25)*(2 - -8)*(-214)/(-4).
37
Let c = -5633 + 6811. Calculate the remainder when c is divided by 237.
230
Let y = -3483 + 9023. What is the remainder when y is divided by 33?
29
Suppose 1450 = -2*v + 2*y, 12*y = v + 14*y + 713. Let p = v + 755. Calculate the remainder when 237 is divided by p.
33
Suppose -2*x + 2940 + 1214 = 5*r, x + 835 = r. What is the remainder when (-54)/135 + r/5 is divided by 43?
37
Suppose 240*w - 76308 + 3939 - 13311 = 0. Calculate the remainder when w is divided by 136.
85
Let k(b) = b**2 + 63 + 3 - 8*b + 11*b + 2*b + 17*b. Calculate the remainder when k(-28) is divided by 75.
9
Let v(o) = 6*o - 9. Let z be (256/(-56) + 4)/(1/(-28)). Suppose -280 = -4*a - z*a. What is the remainder when v(8) is divided by a?
11
Let t = -25904 - -26096. Let x = 59 - 3. Calculate the remainder when t is divided by x.
24
Suppose 5*o = -4*h + 824, -45*h + 40*h - 356 = -2*o. What is the remainder when 654 is divided by o?
150
Suppose -5*l - 5*i + 40 = 15, -4*i = 3*l - 14. Suppose -l*z = -z - 1335. Let t = z + -188. Calculate the remainder when t is divided by 14.
9
Let k = 253 - 187. Let h = 54 + -40. Calculate the remainder when k is divided by h.
10
Let z = -51 + 58. Suppose -z = -g - 4. What is the remainder when 426/9 + (g - 7/3) is divided by 27?
21
Suppose 26 = 5*k + 4*h, 40*h + 15 = 3*k + 43*h. What is the remainder when 383 is divided by k?
5
Let v(y) = -23*y**2 + 56*y + 2. Suppose 0*s - 3*i + 50 = -5*s, 3*i = 0. What is the remainder when (-6)/s*290/2 is divided by v(2)?
21
Suppose -3*z + z + 1034 = 0. Suppose 147 = 5*q + z. Let v = -46 - q. What is the remainder when 137 is divided by v?
25
Let i(r) = r**3 - 3*r**2 + 4*r - 4. Let q(t) = 83*t - 461. What is the remainder when i(5) is divided by q(6)?
29
Suppose -3 = 3*h - 35 - 10. Calculate the remainder when 406 is divided by h.
0
Let b be (408/85)/(3/(-105)). What is the remainder when (-1)/7 + (-10944)/b is divided by 27/(3 - 0) + 2?
10
Let j(p) = -p**2 + 29*p - 56. Let s(h) = 79*h**2 - 3*h + 5. What is the remainder when s(-3) is divided by j(26)?
21
Let q(o) = 4*o - 56*o + 60*o**2 - 3 - 63*o**2. Calculate the remainder when 191 is divided by q(-17).
9
Let x(j) = j**2 - 14*j + 15. Let k = 17 - 26. What is the remainder when x(k) is divided by 14?
12
What is the remainder when (-96)/120*-4*125 is divided by 94?
24
Let b(w) = w**3 - w + 1. Let k be b(0). Let v(f) = 83*f**3 + 10*f - 9. Calculate the remainder when v(k) is divided by 10.
4
Suppose -23 = -3*g + 7. Let u be ((-28)/g)/(2/(-240)). Suppose 5*v - u = 2*v. Calculate the remainder when v is divided by 23.
20
Suppose i + 838 + 37 = -4*r, -665 = 3*r - i. Calculate the remainder when 147 is divided by 6/(-4)*r/33.
7
Suppose 8*v + 139 = 524 + 375. What is the remainder when 192 